{"id":3110,"date":"2022-05-11T11:32:03","date_gmt":"2022-05-11T09:32:03","guid":{"rendered":"https:\/\/mon-aloha.com\/e-boutique\/?post_type=product&#038;p=3110"},"modified":"2022-12-11T11:05:25","modified_gmt":"2022-12-11T10:05:25","slug":"maui","status":"publish","type":"product","link":"https:\/\/mon-aloha.com\/e-boutique\/produit\/decoration-murale\/demi-couronne\/maui\/","title":{"rendered":"Maui"},"content":{"rendered":"<p>R\u00e9alis\u00e9es sur des cercles en bambou ou des bases en fil de fer et jute, corde, laines.<\/p>\n<p>Les demi-couronnes son d\u00e9clinables \u00e0 l\u2019infini !<\/p>\n<p>Une multitude de possibilit\u00e9, de mix de couleur, de fleurs et de textures !!!<br \/>\nCe que j\u2019aime le plus c\u2019est le moment ou la couronne apparait dans mon esprit. Au moment de la s\u00e9lection des fleurs ! Une couronne c\u2019est assez long \u00e0 faire.<br \/>\nC\u2019est l\u2019un des exercices le plus technique pour un fleuriste.<\/p>\n<p>Personnellement je choisis les fleurs, je les mets en forme en petit bouquet que j\u2019assemble ensuite les uns apr\u00e8s les autres.<br \/>\nPour finir je termine avec quelques fleurs coll\u00e9es, des coquillages et l\u2019accroche.<\/p>\n<p>J\u2019utilise particuli\u00e8rement les fleurs d\u2019immortelles dans les couronnes. Les immortelles sont appel\u00e9es ainsi car m\u00eame en s\u00e9chant, elles ne changent pas d\u2019aspect. Avant, elles composaient la couronne de la mari\u00e9e. Elle symbolise l\u2019amiti\u00e9 et la constance.<br \/>\nUne demi-couronne avec des immortelle est donc une cr\u00e9ation id\u00e9ale \u00e0 offrir a une\/un ami\/e, ou a votre compagne\/ compagnon !!<\/p>\n<p>Vous pouvez la placer ou vous voulez chez vous, comme par exemple au salon, votre chambre ou une chambre d\u2019amis\/ d\u2019enfants.<\/p>\n<p>&nbsp;<\/p>\n<p>D\u2019autres couleurs sont r\u00e9alisables sur commande, n\u2019h\u00e9sitez pas \u00e0 me contacter, je me ferais une joie de vous en pr\u00e9parer un personnalis\u00e9. Contactez-moi par mail : contact@mon-aloha.com<\/p>\n","protected":false},"excerpt":{"rendered":"<p>La demi-couronne Maui est r\u00e9alis\u00e9e en harmonie de rose, beige et pastel.<br \/>\n\u00ab Maui \u00bb est une \u00eele de l\u2019archipel d\u2019Hawa\u00ef, avec volcans, cascades, routes sinueuses et autres plages de sables&#8230; Sans oublier Jaws, la fameuse vague dont le nom signifie m\u00e2choire !<\/p>\n<p>Composition &amp; cr\u00e9ations ~<br \/>\nBase fer forg\u00e9 et jute<br \/>\nFleurs s\u00e9ch\u00e9es 95% fran\u00e7aises : immortelle, hortensia, pavot, bl\u00e9, lagurus, gramin\u00e9es &#8230;<\/p>\n<p>Pi\u00e8ce unique, fait \u00e0 la main dans mon studio de d\u00e9coration florale.<br \/>\nLivraison possible dans toute la France dans son emballage.<br \/>\nDiam. base : 17.5 cm<\/p>\n<p>Les fleurs et feuillages utilis\u00e9s sont s\u00e9ch\u00e9s, ils conserveront donc leur forme sans faner. Je vous recommande toutefois de les manipuler avec pr\u00e9caution.<\/p>\n","protected":false},"featured_media":3111,"comment_status":"open","ping_status":"closed","template":"","meta":[],"product_cat":[138],"product_tag":[147],"class_list":["post-3110","product","type-product","status-publish","has-post-thumbnail","hentry","product_cat-demi-couronne","product_tag-maui"],"acf":[],"_links":{"self":[{"href":"https:\/\/mon-aloha.com\/e-boutique\/wp-json\/wp\/v2\/product\/3110"}],"collection":[{"href":"https:\/\/mon-aloha.com\/e-boutique\/wp-json\/wp\/v2\/product"}],"about":[{"href":"https:\/\/mon-aloha.com\/e-boutique\/wp-json\/wp\/v2\/types\/product"}],"replies":[{"embeddable":true,"href":"https:\/\/mon-aloha.com\/e-boutique\/wp-json\/wp\/v2\/comments?post=3110"}],"wp:featuredmedia":[{"embeddable":true,"href":"https:\/\/mon-aloha.com\/e-boutique\/wp-json\/wp\/v2\/media\/3111"}],"wp:attachment":[{"href":"https:\/\/mon-aloha.com\/e-boutique\/wp-json\/wp\/v2\/media?parent=3110"}],"wp:term":[{"taxonomy":"product_cat","embeddable":true,"href":"https:\/\/mon-aloha.com\/e-boutique\/wp-json\/wp\/v2\/product_cat?post=3110"},{"taxonomy":"product_tag","embeddable":true,"href":"https:\/\/mon-aloha.com\/e-boutique\/wp-json\/wp\/v2\/product_tag?post=3110"}],"curies":[{"name":"wp","href":"https:\/\/api.w.org\/{rel}","templated":true}]}}