{"id":3055,"date":"2022-05-11T09:53:17","date_gmt":"2022-05-11T07:53:17","guid":{"rendered":"https:\/\/mon-aloha.com\/e-boutique\/?post_type=product&#038;p=3055"},"modified":"2024-11-10T14:54:05","modified_gmt":"2024-11-10T13:54:05","slug":"keokeo","status":"publish","type":"product","link":"https:\/\/mon-aloha.com\/e-boutique\/produit\/composition\/support-fleurit\/keokeo\/","title":{"rendered":"Ke\u2019oke\u2019o"},"content":{"rendered":"<p>Cr\u00e9ation originale, entre couronne et objet d\u00e9coratif, les supports sont des cr\u00e9ations \u00e0 poser. Je les agr\u00e9mentent en fonction des saisons, des inspirations et de mes envies de branches de bois, remplie de caract\u00e8re, de bois flott\u00e9s, de coquillages&#8230;<\/p>\n<p>V\u00e9ritable pi\u00e8ce de d\u00e9coration, cette cr\u00e9ation saura habill\u00e9e vos espaces, vos bureaux et\/ ou autres pi\u00e8ces de la maison. Elles peuvent \u00eatre enti\u00e8rement personnalis\u00e9e. Avec des couleurs douces ou pep\u2019s, des fleurs travaill\u00e9es serr\u00e9es ou \u00e9vas\u00e9es, avec ou sans branche, tissus, corde en jute, tout est possible.<\/p>\n<p>J\u2019ai \u00e9galement r\u00e9alis\u00e9 des supports avec des chiffres d\u00e9cor\u00e9s pour un anniversaire ! Rendez-vous sur Instagram pour voir ces cr\u00e9ations !<\/p>\n<p>Dimension : 36cm x 38 cm<\/p>\n","protected":false},"excerpt":{"rendered":"<p>Le support Ke\u2019oke\u2019o \u00e0 est r\u00e9alis\u00e9e dans un cama\u00efeu de blanc.<\/p>\n<p>\u00ab Ke\u2019oke\u2019o \u00bb signifie blanc, et fier en hawa\u00efen. Cette cr\u00e9ation est une v\u00e9ritable pi\u00e8ce de d\u00e9coration, pleine de force et de caract\u00e8re. J\u2019ai utilis\u00e9 un bois flott\u00e9 trouv\u00e9 sur la plage pour cr\u00e9er la dynamique de cette pi\u00e8ce.<\/p>\n<p>Les tons blancs et naturels sont doux et apaisant. Les notes de marrons et les pommes de pins permettent de voyager en pleine nature et d\u2019observer sa magie.<\/p>\n<p>&nbsp;<\/p>\n<p>Composition &amp; cr\u00e9ations ~<br \/>\nBase en fer forg\u00e9<br \/>\nJute<br \/>\nFleurs s\u00e9ch\u00e9es 100% fran\u00e7aises : pied d\u2019alouette, pampa, gramin\u00e9e, hortensia, pavot, immortelle&#8230;<\/p>\n<p>Pi\u00e8ce unique, r\u00e9alis\u00e9e \u00e0 la main.<br \/>\nLivraison possible dans toute la France dans un emballage sp\u00e9cial.<\/p>\n<p>Les fleurs et feuillages utilis\u00e9s sont s\u00e9ch\u00e9s, ils conserveront donc leur forme sans faner. Je vous recommande toutefois de les manipuler avec pr\u00e9caution.<\/p>\n<p>D\u2019autres couleurs sont r\u00e9alisables sur commande, n\u2019h\u00e9sitez pas \u00e0 me contacter, je me ferais une joie de vous en pr\u00e9parer un personnalis\u00e9. Contactez-moi par mail : contact@mon-aloha.com<\/p>\n","protected":false},"featured_media":3062,"comment_status":"open","ping_status":"closed","template":"","meta":[],"product_cat":[140],"product_tag":[142],"class_list":["post-3055","product","type-product","status-publish","has-post-thumbnail","hentry","product_cat-support-fleurit","product_tag-keokeo"],"acf":[],"_links":{"self":[{"href":"https:\/\/mon-aloha.com\/e-boutique\/wp-json\/wp\/v2\/product\/3055"}],"collection":[{"href":"https:\/\/mon-aloha.com\/e-boutique\/wp-json\/wp\/v2\/product"}],"about":[{"href":"https:\/\/mon-aloha.com\/e-boutique\/wp-json\/wp\/v2\/types\/product"}],"replies":[{"embeddable":true,"href":"https:\/\/mon-aloha.com\/e-boutique\/wp-json\/wp\/v2\/comments?post=3055"}],"wp:featuredmedia":[{"embeddable":true,"href":"https:\/\/mon-aloha.com\/e-boutique\/wp-json\/wp\/v2\/media\/3062"}],"wp:attachment":[{"href":"https:\/\/mon-aloha.com\/e-boutique\/wp-json\/wp\/v2\/media?parent=3055"}],"wp:term":[{"taxonomy":"product_cat","embeddable":true,"href":"https:\/\/mon-aloha.com\/e-boutique\/wp-json\/wp\/v2\/product_cat?post=3055"},{"taxonomy":"product_tag","embeddable":true,"href":"https:\/\/mon-aloha.com\/e-boutique\/wp-json\/wp\/v2\/product_tag?post=3055"}],"curies":[{"name":"wp","href":"https:\/\/api.w.org\/{rel}","templated":true}]}}