{"id":2671,"date":"2022-04-24T17:20:54","date_gmt":"2022-04-24T15:20:54","guid":{"rendered":"https:\/\/mon-aloha.com\/e-boutique\/?page_id=2671"},"modified":"2022-06-10T13:36:21","modified_gmt":"2022-06-10T11:36:21","slug":"un-peu-petit-bouquet","status":"publish","type":"page","link":"https:\/\/mon-aloha.com\/e-boutique\/bouquets\/un-peu-petit-bouquet\/","title":{"rendered":"Un peu,"},"content":{"rendered":"<p>[vc_row css=&#8221;.vc_custom_1651871333219{padding: 0px !important;}&#8221;][vc_column]\n\t\t\t<!-- START petits bouquets REVOLUTION SLIDER 6.5.19 --><p class=\"rs-p-wp-fix\"><\/p>\n\t\t\t<rs-module-wrap id=\"rev_slider_10_1_wrapper\" data-source=\"gallery\" style=\"visibility:hidden;background:#F8F6F7;padding:0;margin:0px auto;margin-top:0;margin-bottom:0;\">\n\t\t\t\t<rs-module id=\"rev_slider_10_1\" style=\"\" data-version=\"6.5.19\">\n\t\t\t\t\t<rs-slides>\n\t\t\t\t\t\t<rs-slide style=\"position: absolute;\" data-key=\"rs-16\" data-title=\"Slide\" data-anim=\"ms:600;\" data-in=\"o:0;\" data-out=\"a:false;\">\n\t\t\t\t\t\t\t<img loading=\"lazy\" decoding=\"async\" src=\"https:\/\/i0.wp.com\/mon-aloha.com\/e-boutique\/wp-content\/plugins\/revslider\/public\/assets\/assets\/dummy.png?resize=1170%2C780\" alt=\"petit-bouquet-de-fleurs-sechees-francaise-creation-decoration\" title=\"petit-bouquet-de-fleurs-sechees-francaise-creation-decoration\" width=\"1170\" height=\"780\" class=\"rev-slidebg tp-rs-img rs-lazyload\" data-lazyload=\"\/\/mon-aloha.com\/e-boutique\/wp-content\/uploads\/2022\/05\/petit-bouquet-de-fleurs-sechees-francaise-creation-decoration.jpg\" data-parallax=\"off\" data-no-retina data-recalc-dims=\"1\">\n<!---->\t\t\t\t\t\t<\/rs-slide>\n\t\t\t\t\t<\/rs-slides>\n\t\t\t\t<\/rs-module>\n\t\t\t\t<script>\n\t\t\t\t\tsetREVStartSize({c: 'rev_slider_10_1',rl:[1240,1024,778,480],el:[400],gw:[1140],gh:[400],type:'standard',justify:'',layout:'fullwidth',mh:\"0\"});if (window.RS_MODULES!==undefined && window.RS_MODULES.modules!==undefined && window.RS_MODULES.modules[\"revslider101\"]!==undefined) {window.RS_MODULES.modules[\"revslider101\"].once = false;window.revapi10 = undefined;if (window.RS_MODULES.checkMinimal!==undefined) window.RS_MODULES.checkMinimal()}\n\t\t\t\t<\/script>\n\t\t\t<\/rs-module-wrap>\n\t\t\t<!-- END REVOLUTION SLIDER -->\n[\/vc_column][\/vc_row][vc_row css_animation=&#8221;fadeIn&#8221;][vc_column width=&#8221;4\/5&#8243;][vc_column_text el_class=&#8221;bloc-texte-sous-slider&#8221; css=&#8221;.vc_custom_1654860701646{padding-top: 60px !important;padding-right: 20px !important;padding-bottom: 0px !important;padding-left: 20px !important;}&#8221;]<\/p>\n<h2 style=\"font-family: 'Gallient';\">Petit bouquet &#8211; Un peu,<\/h2>\n<p>[\/vc_column_text][vc_column_text el_class=&#8221;bloc-texte-sous-slider&#8221; css=&#8221;.vc_custom_1654860879469{padding-top: 10px !important;padding-right: 40px !important;padding-bottom: 20px !important;padding-left: 40px !important;}&#8221;]Color\u00e9 ou pastel, <a href=\"https:\/\/mon-aloha.com\/e-boutique\/produit\/kea\/\">ces petits bouquets<\/a> sont des plaisirs mini mais bien garnit !<\/p>\n<p>J\u2019aime cr\u00e9er des harmonies entre les fleurs, leur texture et leur formes. Les couleurs se r\u00e9pondent et les cama\u00efeux se cr\u00e9ent entre mes mains !![\/vc_column_text][\/vc_column][vc_column width=&#8221;1\/5&#8243;][vc_single_image image=&#8221;3013&#8243; el_class=&#8221;fleur-tiare&#8221;][\/vc_column][\/vc_row][vc_row css_animation=&#8221;fadeIn&#8221; css=&#8221;.vc_custom_1652514528121{padding-top: 0px !important;padding-right: 0px !important;padding-bottom: 0px !important;padding-left: 0px !important;}&#8221;][vc_column css_animation=&#8221;fadeIn&#8221;][laborator_products products_query=&#8221;size:all|order_by:date|post_type:product|tax_query:126&#8243;][\/vc_column][\/vc_row][vc_row content_placement=&#8221;top&#8221; css=&#8221;.vc_custom_1652517641121{padding-top: 0px !important;padding-bottom: 0px !important;}&#8221;][vc_column][laborator_banner title=&#8221;Vous aimeriez aussi&#8221; description=&#8221;Beaucoup,&#8221; href=&#8221;url:https%3A%2F%2Fmon-aloha.com%2Fe-boutique%2Fbouquets%2Fbeaucoup%2F|title:Jetez-y%20un%20oeil&#8221; css=&#8221;.vc_custom_1652544960073{border-radius: 1px !important;}&#8221;][\/vc_column][\/vc_row][vc_row css_animation=&#8221;fadeIn&#8221;][vc_column width=&#8221;1\/2&#8243;][laborator_products row_clear=&#8221;2&#8243; products_query=&#8221;size:2|order_by:rand|post_type:product|tax_query:127&#8243;][\/vc_column][vc_column width=&#8221;1\/2&#8243;][vc_column_text el_class=&#8221;bloc-texte-sous-slider&#8221; css=&#8221;.vc_custom_1652531734943{padding-top: 30px !important;padding-right: 20px !important;padding-bottom: 0px !important;padding-left: 20px !important;}&#8221;]<\/p>\n<h2 style=\"font-family: 'Gallient';\">Beaucoup,<\/h2>\n<p>[\/vc_column_text][vc_column_text css=&#8221;.vc_custom_1654860955949{padding-top: 10px !important;padding-right: 40px !important;padding-bottom: 40px !important;padding-left: 40px !important;}&#8221; el_class=&#8221;bloc-texte-sous-slider&#8221;]Color\u00e9 ou pastel, petit ou grand, avec ou sans vase?<br \/>\nJ\u2019aime r\u00e9aliser des bouquets tous diff\u00e9rents, s\u00e9lectionner les fleurs et les assortir les unes avec les autres.<\/p>\n<p>Cr\u00e9er des harmonies. Les couleurs se r\u00e9pondent et les cama\u00efeux se cr\u00e9ent entre mes mains !!<\/p>\n<p><a href=\"https:\/\/mon-aloha.com\/\">Aloha !<\/a>[\/vc_column_text][\/vc_column][\/vc_row]<\/p>\n","protected":false},"excerpt":{"rendered":"<p>[vc_row css=&#8221;.vc_custom_1651871333219{padding: 0px !important;}&#8221;][vc_column][\/vc_column][\/vc_row][vc_row css_animation=&#8221;fadeIn&#8221;][vc_column width=&#8221;4\/5&#8243;][vc_column_text el_class=&#8221;bloc-texte-sous-slider&#8221; css=&#8221;.vc_custom_1654860701646{padding-top: 60px !important;padding-right: 20px !important;padding-bottom: 0px !important;padding-left: 20px !important;}&#8221;] Petit bouquet &#8211; Un peu, [\/vc_column_text][vc_column_text el_class=&#8221;bloc-texte-sous-slider&#8221; css=&#8221;.vc_custom_1654860879469{padding-top: 10px !important;padding-right: 40px !important;padding-bottom: 20px !important;padding-left: 40px !important;}&#8221;]Color\u00e9 ou pastel, ces petits bouquets sont&hellip;<\/p>\n","protected":false},"author":1,"featured_media":3481,"parent":2637,"menu_order":0,"comment_status":"closed","ping_status":"closed","template":"","meta":{"footnotes":""},"class_list":["post-2671","page","type-page","status-publish","has-post-thumbnail","hentry"],"acf":[],"jetpack_shortlink":"https:\/\/wp.me\/PduxPP-H5","_links":{"self":[{"href":"https:\/\/mon-aloha.com\/e-boutique\/wp-json\/wp\/v2\/pages\/2671"}],"collection":[{"href":"https:\/\/mon-aloha.com\/e-boutique\/wp-json\/wp\/v2\/pages"}],"about":[{"href":"https:\/\/mon-aloha.com\/e-boutique\/wp-json\/wp\/v2\/types\/page"}],"author":[{"embeddable":true,"href":"https:\/\/mon-aloha.com\/e-boutique\/wp-json\/wp\/v2\/users\/1"}],"replies":[{"embeddable":true,"href":"https:\/\/mon-aloha.com\/e-boutique\/wp-json\/wp\/v2\/comments?post=2671"}],"version-history":[{"count":15,"href":"https:\/\/mon-aloha.com\/e-boutique\/wp-json\/wp\/v2\/pages\/2671\/revisions"}],"predecessor-version":[{"id":4245,"href":"https:\/\/mon-aloha.com\/e-boutique\/wp-json\/wp\/v2\/pages\/2671\/revisions\/4245"}],"up":[{"embeddable":true,"href":"https:\/\/mon-aloha.com\/e-boutique\/wp-json\/wp\/v2\/pages\/2637"}],"wp:featuredmedia":[{"embeddable":true,"href":"https:\/\/mon-aloha.com\/e-boutique\/wp-json\/wp\/v2\/media\/3481"}],"wp:attachment":[{"href":"https:\/\/mon-aloha.com\/e-boutique\/wp-json\/wp\/v2\/media?parent=2671"}],"curies":[{"name":"wp","href":"https:\/\/api.w.org\/{rel}","templated":true}]}}